5 a prime number?
False
Is 322367 a prime number?
False
Is 540677 prime?
True
Is 1102663 a prime number?
True
Is 21458 prime?
False
Is 3347 a prime number?
True
Is 680749 a composite number?
False
Is 16781 prime?
False
Is 57053 a prime number?
False
Is 129911 a composite number?
True
Is 194471 a composite number?
False
Is 7297 composite?
False
Is 81401 a prime number?
True
Is 389687 a prime number?
True
Is 8513 a composite number?
False
Is 27257 composite?
True
Is 301349 composite?
False
Is 130091 a prime number?
False
Is 44929 prime?
False
Is 4579 a prime number?
False
Is 24287 a prime number?
False
Is 4087 a prime number?
False
Is 123373 a prime number?
True
Is 14273 a composite number?
True
Is 1397 composite?
True
Is 23159 prime?
True
Is 88289 a prime number?
True
Is 391 prime?
False
Is 1119981 composite?
True
Is 21647 a composite number?
False
Is 37385 prime?
False
Is 40973 a composite number?
False
Is 905161 composite?
False
Is 227269 prime?
False
Is 61003 prime?
False
Is 18191 a composite number?
False
Is 6247 composite?
False
Is 304063 prime?
True
Is 23158 prime?
False
Is 22739 prime?
True
Is 616639 composite?
False
Is 438931 prime?
False
Is 1285837 a composite number?
True
Is 34319 a prime number?
True
Is 6143 composite?
False
Is 7151 prime?
True
Is 495269 a prime number?
True
Is 8923 a composite number?
False
Is 11777 a prime number?
True
Is 611571 a prime number?
False
Is 17921 a composite number?
False
Is 32081 a prime number?
False
Is 29409 a composite number?
True
Is 3593 a prime number?
True
Is 836327 composite?
False
Is 550513 a prime number?
True
Is 259717 composite?
False
Is 13891 composite?
True
Is 157457 prime?
True
Is 46747 a prime number?
True
Is 195722 composite?
True
Is 55219 a prime number?
True
Is 46439 a composite number?
False
Is 11797 a composite number?
True
Is 12197 composite?
False
Is 12429653 a composite number?
False
Is 18353 a prime number?
True
Is 272693 a prime number?
True
Is 118529 prime?
True
Is 2329 composite?
True
Is 54311 a prime number?
True
Is 256163 a composite number?
False
Is 89699 a composite number?
True
Is 42853 a composite number?
False
Is 75949 a composite number?
True
Is 212579 prime?
True
Is 21137 a prime number?
False
Is 10871 a prime number?
False
Is 289759 prime?
True
Is 918907 a prime number?
False
Is 173785 prime?
False
Is 47791 a composite number?
False
Is 20887 a composite number?
False
Is 1978687 prime?
True
Is 25219 prime?
True
Is 28957 a composite number?
True
Is 17915 prime?
False
Is 281629 prime?
False
Is 837887 a composite number?
False
Is 1201561 prime?
False
Is 23303 a composite number?
True
Is 80918 a prime number?
False
Is 6537 a prime number?
False
Is 3870415 composite?
True
Is 12047 prime?
False
Is 84947 composite?
False
Is 189087 prime?
False
Is 31957 prime?
True
Is 1026757 prime?
True
Is 19223 prime?
False
Is 8737 a composite number?
False
Is 1399 prime?
True
Is 945289 a prime number?
True
Is 129793 a composite number?
False
Is 2459 prime?
True
Is 407471 a prime number?
True
Is 4613 a composite number?
True
Is 72221 prime?
True
Is 2602973 prime?
True
Is 159781 prime?
False
Is 1847 composite?
False
Is 32297 prime?
True
Is 3127 prime?
False
Is 163583 composite?
True
Is 38903 prime?
True
Is 1945 a prime number?
False
Is 7963 a composite number?
False
Is 3491 a composite number?
False
Is 49481 composite?
False
Is 478 prime?
False
Is 307091 prime?
True
Is 2231 prime?
False
Is 331 prime?
True
Is 30241 a prime number?
True
Is 150937 a composite number?
True
Is 295 composite?
True
Is 31895 a composite number?
True
Is 17399 a prime number?
False
Is 1045033 a composite number?
True
Is 224687 composite?
True
Is 11203 a prime number?
False
Is 13997 composite?
False
Is 14143 composite?
False
Is 215521 a prime number?
True
Is 7123 a prime number?
False
Is 739 composite?
False
Is 3359 composite?
False
Is 17311 a composite number?
True
Is 499259 prime?
False
Is 1562083 a composite number?
True
Is 91167 prime?
False
Is 557 composite?
False
Is 2497 prime?
False
Is 131783 composite?
False
Is 6898 a prime number?
False
Is 36185 prime?
False
Is 73813 prime?
False
Is 32309 a composite number?
False
Is 589507 a composite number?
False
Is 8327 prime?
False
Is 6179 a composite number?
True
Is 18989 composite?
True
Is 174749 prime?
True
Is 131861 a composite number?
False
Is 1379081 a prime number?
False
Is 433499 a composite number?
True
Is 501451 a composite number?
False
Is 4618213 prime?
True
Is 529751 prime?
True
Is 5513 prime?
False
Is 16237 prime?
False
Is 94873 composite?
False
Is 387493 a prime number?
True
Is 103063 prime?
False
Is 293123 a composite number?
False
Is 49729 prime?
False
Is 1688161 a composite number?
False
Is 107893 composite?
True
Is 9242 a composite number?
True
Is 5471 composite?
False
Is 5077 a prime number?
True
Is 14471 a prime number?
False
Is 20573 a composite number?
True
Is 21703 composite?
True
Is 71959 a prime number?
False
Is 48119 a prime number?
True
Is 6051 a composite number?
True
Is 1273087 a composite number?
False
Is 70387 composite?
True
Is 15586 a composite number?
True
Is 13367 a composite number?
False
Is 83015 composite?
True
Is 7465 a prime number?
False
Is 19609 composite?
False
Is 16961 a prime number?
False
Is 4177 composite?
False
Is 321959 a prime number?
False
Is 839 prime?
True
Is 62897 a composite number?
False
Is 6127 a prime number?
False
Is 15683 a prime number?
True
Is 2281 a prime number?
True
Is 5507 a composite number?
False
Is 25523 composite?
False
Is 17623 composite?
False
Is 51011 a composite number?
True
Is 128579 prime?
False
Is 196597 a composite number?
False
Is 13963 composite?
False
Is 953399 prime?
True
Is 317827 a prime number?
True
Is 4321 composite?
True
Is 6841 prime?
True
Is 38261 composite?
False
Is 10347 prime?
False
Is 59507 prime?
False
Is 47953 composite?
True
Is 310883 a prime number?
True
Is 205391 a prime number?
True
Is 37537 a prime number?
True
Is 101951 prime?
False
Is 10133 composite?
False
Is 2591 prime?
True
Is 996791 a composite number?
True
Is 501713 composite?
True
Is 933235 a prime number?
False
Is 864347 a composite number?
True
Is 60353 a prime number?
True
Is 12793 a prime number?
False
Is 405593 a composite number?
True
Is 157793 prime?
True
Is 23795 prime?
False
Is 13274 prime?
False
Is 250793 a composite number?
False
Is 1988921 prime?
False
Is 53401 prime?
True
Is 14354 prime?
False
Is 82217 a prime number?
True
Is 386513 prime?
False
Is 1055057 composite?
False
Is 10483 prime?
False
Is 4391 prime?
True
Is 60657 a composite number?
True
Is 2012891 composite?
True
Is 15659 prime?
False
Is 28787 composite?
True
Is 61615 prime?
False
Is 103945 prime?
False
Is 57947 composite?
False
Is 8209 a composite number?
False
Is 274738 composite?
True
Is 17219 prime?
False
Is 3365 a prime number?
False
Is 527563 a composite number?
False
Is 4971 a composite number?
True
Is 28318 a prime number?
False
Is 2607806 a composite number?
True
Is 380363 a prime number?
True
Is 745865 a prime number?
False
Is 3386 composite?
True
Is 97919 a prime number?
True
Is 181519 prime?
False
Is 248533 composite?
False
Is 19373 a composite number?
False
Is 37915 composite?
True
Is 7069 a composite number?
False
Is 317747 composite?
True
Is 15727 prime?
True
Is 52537 a composite number?
True
Is 1397 prime?
False
Is 15013 a prime number?
True
Is 98521 composite?
True
Is 38239 a prime number?
True
Is 5099 prime?
True
Is 515113 a composite number?
True
Is 30131 a composite number?
True
Is 84397 prime?
False
Is 82163 a composite number?
False
Is 4063 a composite number?
True
Is 158959 composite?
False
Is 1399987 prime?
False
Is 408283 a prime number?
True
Is 71647 a prime number?
True
Is 1087451 a prime number?
True
Is 3823 a composite number?
False
Is 719 composite?
False
Is 39779 a prime number?
True
Is 10079 composite?
False
Is 6385 a prime number?
False
Is 22907 a composite number?
False
Is 274039 a composite number?
True
Is 24281 a prime number?
True
Is 1402237 composite?
True
Is 16249 composite?
False
Is 38039 a composite number?
False
Is 16943 composite?
False
Is 122281 prime?
False
Is 2935 a composite number?
True
Is 15493 a prime number?
True
Is 683093 a composite number?
True
Is 11369 a prime number?
True
Is 404